*k = -z*k - 5*f - 34005, 4*f = -k + 6811. Is k composite?
False
Let q(k) = 14*k**2 + 2*k - 8*k**3 - 14*k**3 + 23*k**3 + 30. Let o be q(-14). Is ((-13)/o)/(-1 - (-66)/68) prime?
False
Let a(m) = m**3 + 30*m**2 - 16*m + 35. Let o = -178 + 150. Is a(o) prime?
False
Let f be 4/20 - (-808)/10. Let k = f - 79. Is (6/(-4))/((-4)/1688) - k a composite number?
False
Suppose 6*g - 3*h + 15 = 7*g, -3*g - 20 = -4*h. Suppose g = j + 4*l - 3890, 0*l + l = 2*j - 7798. Is j composite?
True
Suppose 0 = 5*f - 9*f - 4*v + 7756, 2*f = -5*v + 3881. Is (-19)/(f/(-12)) + 726474/34 prime?
False
Let w = 66 + -152. Suppose z - 4*z - 9 = 0. Let l = z - w. Is l a composite number?
False
Suppose 3829 = 4*z - 11319. Suppose -3*o + 3*f + 26286 = 0, 2*f - z = o - 12552. Is o composite?
True
Suppose 4*x + 10392 = 4*j - 0*x, 2610 = j - 4*x. Let u(g) = 21*g**3 + 2*g**2 + 4*g + 3. Let b be u(-2). Let t = b + j. Is t prime?
False
Let b = -80 - -32. Let c = b + 46. Let w(h) = -62*h + 3. Is w(c) a prime number?
True
Let g = 17 + -6. Suppose 10 = 10*n - g*n. Let u(b) = -142*b - 21. Is u(n) prime?
True
Suppose -j - 48 = 3*u, 2*u = j + 4*j + 291. Let f = j + 59. Suppose 0 = -f*o - 3*o + 33365. Is o prime?
True
Suppose -3*f = 2*d + 17837, 2*d = 7*f - 12*f - 17831. Let o = 15079 + d. Suppose -5*b = -2739 - o. Is b a composite number?
True
Suppose 8 + 7 = -3*w. Let h be 21/w - ((-8)/(-10) - 0). Is (-1)/h - 4784/(-130) a prime number?
True
Let j be ((2 + -2)/(12/6))/1. Suppose j = -o + 2, s - 2*o + 1 - 2 = 0. Suppose -1418 = -2*u - 5*q, 3*u + 679 = 4*u - s*q. Is u composite?
True
Let k = 558 + -549. Suppose k*r + 19*r = 31332. Is r a composite number?
True
Suppose 694772 = -88*a + 140*a. Is a a prime number?
False
Let k(b) = 2*b**2 - 8*b + 12. Let a be k(2). Suppose -5*u + 3*y = -7*u + 518, -5*y - 1036 = -a*u. Is u a composite number?
True
Is (-3 + -16655)/(-2 - (-4 + 4)) a prime number?
True
Is (-60)/18 + 4 + 3/9 + 149670 a prime number?
False
Suppose -12129076 = -17*d - 41*d. Is d a prime number?
False
Let a = -8477 - -13923. Let x = a - -16525. Is x composite?
True
Let j(o) = 150*o**2 + 25*o + 127. Let d be j(-6). Suppose 0 = -5*b + d - 842. Is b a composite number?
False
Let l be ((-258294)/4 + 3)*8. Is ((-4)/6)/(72/l) composite?
False
Let j(f) = 21*f**2 - 8*f. Let a be j(6). Let b be (262 + -3)*(-3 - -2). Let i = a - b. Is i prime?
True
Let u = -1141 + 3868. Let i = u + -80. Is i prime?
True
Let b(o) = 256*o + 46. Let p be b(5). Let i = p - -1553. Is i prime?
True
Let m(p) = -p**2 + 16*p - 48. Let f be m(11). Suppose -f*g + 5*g = -12. Suppose -g*l = 1238 - 4364. Is l composite?
False
Let r(v) = 3614*v**2 + 23*v + 72. Is r(7) a composite number?
False
Suppose -11*b + 13*b - 50 = 0. Suppose 0 = -b*f + 2*f + 336283. Is f composite?
False
Suppose -65783 = -3*b + 5*f, 5*b = 5*f - 7*f + 109597. Let v = -14012 + b. Is v a composite number?
True
Let v(t) = -4*t**3 + 32 + 2*t**3 - 16*t**2 + t**3 + 2*t. Let n be v(-16). Suppose n = -7*y - 303 + 1276. Is y composite?
False
Let q = -87 - -679. Suppose 0*v + u + q = v, -3*v + u + 1778 = 0. Is v a composite number?
False
Let v = -5364 - -2500. Let p = 5445 + v. Is p prime?
False
Let b = 299799 - 214066. Is b a prime number?
True
Let y be 2/((-56)/(-12)) + 296/28. Suppose 5081 - 1594 = y*z. Is z a composite number?
False
Suppose 116991*h = 116973*h + 1799262. Is h a composite number?
True
Let g = -421507 - -620528. Is g a prime number?
True
Let p = -5 + 115. Let z(j) = -j**3 + 49*j**2 - 47*j - 45. Let y be z(48). Suppose -f = -y*c - p, 488 = -f + 5*f + 4*c. Is f a prime number?
False
Suppose -650595 = 9*w - 66*w + 681438. Is w composite?
False
Let h be ((-1)/2)/(7/938). Let d = -128 + 128. Let z = d - h. Is z composite?
False
Let f be 6/(2 - -4)*14022. Let h = 497 + f. Is h composite?
False
Suppose -w + 12754 = h, h + 3*h - 4*w - 50992 = 0. Suppose -14*l = -h + 4505. Is l a prime number?
False
Suppose -107 = -4*v - 3*z + 38, -z = -2*v + 75. Suppose -23*g + v*g - 234206 = 0. Is g composite?
False
Let v(p) = 5*p**2 + 15*p - 5. Let r be v(-3). Is r + 1 + (-27650)/(-15 - -5) a prime number?
False
Let n(t) = 657*t**2 + 6*t + 4. Let s be n(6). Suppose -g + 5927 = 3*k, 0*g = 4*g + 4*k - s. Is g a composite number?
True
Suppose -m + 6578 = 2*d, -3*d = -5*m + 3937 - 13804. Let x = d - -11373. Is x a prime number?
False
Let j be (-7 + 73 - -4)*(-222)/(-4). Suppose 4*z + j = y, -z + 15472 = 2*y + 2*y. Is y a prime number?
False
Suppose 0 = 70*l - 64*l - 48. Let d(y) = 1302*y + 67. Is d(l) a composite number?
True
Let x be -3 + (1/7 - (-1312)/28). Let b(l) = -x*l - 224*l + 5*l - 7. Is b(-2) a composite number?
True
Let o(q) = -390*q + 142. Let y be o(-6). Suppose 4418 = -y*h + 2484*h. Is h a composite number?
True
Let f be (-28)/(-21)*27465/20. Let v = 9834 + f. Is v prime?
False
Let g = -44 + 49. Suppose 6*l - 2153 = g*l - 5*w, -w = 5*l - 10765. Is l prime?
True
Suppose 0*t = 2*t - h - 9685, 4*t = h + 19375. Suppose -t = -5*v - 2*k, -5*v + 0*k = k - 4850. Is v composite?
False
Let r be (64/12)/(0 - 8/12). Let w(h) be the third derivative of -h**5/60 - 5*h**4/8 + h**3/6 + h**2. Is w(r) prime?
False
Let u be 1*(-1)/(-2)*0. Suppose 3 + 12 = 5*m, 0 = 5*y - 3*m + 44. Is (3 - u) + y + (-318)/(-2) a composite number?
True
Let u be ((-126)/27)/(712/357 - 2). Suppose 3355 = 4*z + 3*r, 4*r + r = z - u. Let p = 2217 - z. Is p prime?
False
Suppose -6*n + 14900 = -n. Suppose 4*q + 2*q = 11082. Let v = n - q. Is v a prime number?
False
Let y be 1/6 - 136/(-48). Suppose -2*g = 4*l - 1683 - 667, y*l - 4*g - 1757 = 0. Is l prime?
True
Let w(d) = 7*d**2 - 17*d - 3. Let m(i) = i**3 + i**2 - 5*i + 2. Let p be m(-3). Let j be (p/3)/(14/(-420)). Is w(j) a prime number?
False
Let f(d) = 726*d**2 + 183*d + 914. Is f(-29) prime?
True
Suppose 4*j + 2*h - 156 = 0, -3*h = 4*j - 7*h - 156. Suppose 0 = 5*w - p + 85, -4*w + p = 6*p + j. Let v = w - -165. Is v a composite number?
False
Let d = -1837 - -4747. Suppose -d - 1384 = -2*w. Is w prime?
False
Suppose -8*h + 40 = -3*h. Suppose 0 = 2*a - h*a + 18. Suppose 0 = a*b - 1818 - 1083. Is b a composite number?
False
Let f(x) = 3369*x**3 - 3*x**2 - 3*x + 4. Let r be f(1). Let u = -2204 + r. Is u composite?
False
Let x = -85285 - -143788. Is x a prime number?
False
Let o be 3 + (4 - 10) + 15. Let y(j) = -7 - 5*j - o + 46*j**2 - 29*j**2. Is y(6) a prime number?
True
Suppose -139384 = -5*q + 140696. Suppose -18*n + 48222 = -q. Is n prime?
True
Suppose 35606 - 934885 = -31*z. Is z a composite number?
False
Suppose 30*d - 21*d - 42453 = 0. Is d composite?
True
Let s(g) = -84*g + 49*g - 1 + 39*g - 27. Let h be s(8). Suppose 5*m - h*n = 8284 + 2585, -3*n = -2*m + 4342. Is m prime?
False
Is (2 + (-146209)/(-2))/(10/(2 - -18)) prime?
True
Let i be 48/9 + 3/(-9). Suppose 12582 - 3933 = 2*r + i*a, -r + 4325 = 2*a. Is r a prime number?
True
Suppose 2*l - 3*l = l. Suppose 4*y - 16 = l, -1 = -3*x - y + 15. Suppose -759 = -2*i - d + 2*d, x*d = -4. Is i prime?
True
Let g be 34/119*(-6 + -1). Is -1450*(-2 - 0) - g - 5 composite?
False
Let f(r) = 5*r**3 + 62*r**2 - 28*r + 79. Is f(20) composite?
False
Suppose 866541 = 11*x + 404430 - 1467146. Is x a composite number?
True
Let j = -59 + 58. Let v(x) be the first derivative of 119*x**3/3 - x**2/2 - 2*x - 39. Is v(j) prime?
False
Suppose -14*w + 10*w = -d + 3805, -2*w - 19097 = -5*d. Is d a prime number?
True
Let l(m) = 3*m**2 - 218*m + 26. Is l(-60) composite?
True
Let x be (28/(-16))/(2/(-189128)). Suppose 13*k = 10*k - 5*p + 124098, x = 4*k - p. Is k a composite number?
True
Suppose 156919*k - 24900656 = 156903*k. Is k composite?
True
Let l be (-1)/(-5)*-2 + 5952/30. Suppose 0 = -3*t - 207 - l. Let b = 856 + t. Is b composite?
True
Suppose -2*f - 46 - 80 = 0. Let l be (-64014)/(-21) - (-18)/f. Suppose l = 3*d + 9*d. Is d a composite number?
True
Suppose -5*y = -656*t + 654*t - 550811, -5*y + 550817 = -4*t. Is y a composite number?
False
Let q(c) = -33 + 8*c**2 + 31*c - 5*c**2 + 6 + 5*c**2. Is q(12) composite?
True
Let c(b) = 861*b**2 - 11*b + 12. Let m be c(2). Let a = 5931 - m. Is a composite?
True
Let v(u) = u + 12. Let h be v(-8). Suppose 5*l + w - 3011 = 7143, h*w = 3*l - 6097. Let t = l - 1400. Is t prime?
True
Let x(r) = 2*r**2 - 5*r. Let l be x(3). Suppose -l*i - 1033 = 773. Let s = i - -1143. Is s